on factor of 5295264 and 8.
8
Calculate the highest common divisor of 91219 and 38.
19
Calculate the greatest common divisor of 6 and 66237.
3
Calculate the highest common divisor of 16718 and 1118.
26
Calculate the highest common divisor of 2493 and 99.
9
What is the greatest common factor of 23010 and 156?
78
What is the highest common divisor of 4 and 63698?
2
What is the highest common divisor of 89147 and 746?
373
Calculate the highest common factor of 13176768 and 1468.
1468
Calculate the highest common divisor of 144 and 1280.
16
What is the highest common divisor of 170521 and 6422?
169
What is the greatest common divisor of 528 and 275088?
528
Calculate the greatest common divisor of 4816 and 6364.
172
Calculate the greatest common divisor of 3572785 and 5.
5
What is the highest common factor of 47245 and 55?
55
Calculate the greatest common divisor of 16 and 6788.
4
What is the greatest common divisor of 1234 and 14?
2
Calculate the greatest common divisor of 12616 and 677944.
664
Calculate the greatest common divisor of 412 and 15965.
103
What is the greatest common divisor of 830 and 690?
10
Calculate the greatest common factor of 837 and 2049.
3
What is the highest common factor of 6600 and 3608?
88
What is the greatest common divisor of 160645 and 10235?
445
Calculate the greatest common divisor of 43 and 21629.
43
Calculate the highest common divisor of 268 and 61707.
67
Calculate the greatest common divisor of 49629 and 852.
213
Calculate the greatest common factor of 21386 and 592.
74
What is the greatest common divisor of 111457 and 4419?
491
Calculate the greatest common divisor of 52160 and 192.
64
What is the highest common divisor of 101032 and 1168?
584
Calculate the greatest common divisor of 2040 and 15045.
255
Calculate the highest common divisor of 7775 and 146481.
311
What is the greatest common factor of 11562 and 2460?
246
What is the highest common factor of 488 and 294752?
488
What is the greatest common divisor of 95775 and 450?
75
What is the highest common factor of 66 and 15966?
6
What is the greatest common factor of 14350 and 68470?
410
What is the greatest common divisor of 58888 and 136?
136
Calculate the highest common divisor of 103284 and 456.
228
Calculate the highest common factor of 49476 and 1722.
42
Calculate the highest common divisor of 84071 and 145.
29
What is the greatest common factor of 6195 and 20715?
15
Calculate the highest common divisor of 2302 and 50.
2
What is the highest common factor of 30 and 19116?
6
What is the greatest common factor of 2241 and 2089359?
747
What is the highest common factor of 56722 and 3002?
158
Calculate the greatest common divisor of 204 and 2757366.
102
What is the greatest common divisor of 492 and 344892?
492
Calculate the greatest common divisor of 30433 and 104.
13
What is the highest common divisor of 7530012 and 252?
252
What is the greatest common divisor of 83 and 226424?
83
What is the highest common divisor of 436 and 475676?
436
Calculate the greatest common divisor of 10283 and 8099.
91
What is the highest common divisor of 756 and 21154?
14
What is the highest common factor of 106954 and 318?
106
What is the greatest common factor of 139572 and 36?
36
Calculate the greatest common divisor of 259 and 6401.
37
Calculate the highest common factor of 42 and 965888.
14
Calculate the greatest common divisor of 288 and 3249.
9
Calculate the greatest common divisor of 91630 and 42.
14
Calculate the highest common factor of 165850 and 9095.
535
What is the highest common factor of 37598 and 902?
22
What is the greatest common divisor of 210384 and 288?
144
Calculate the highest common divisor of 10455 and 675.
15
What is the greatest common divisor of 5187 and 2717?
247
What is the highest common factor of 204414 and 3?
3
Calculate the greatest common factor of 161 and 25151.
7
What is the highest common divisor of 1304100 and 1656?
828
What is the greatest common divisor of 2052 and 167922?
342
What is the greatest common divisor of 130 and 260065?
65
What is the greatest common factor of 54 and 115434?
18
Calculate the greatest common divisor of 3735435 and 110.
55
Calculate the highest common factor of 10 and 1212290.
10
What is the greatest common factor of 1077358 and 102?
34
Calculate the greatest common divisor of 1020925 and 25.
25
Calculate the highest common factor of 8880 and 4560.
240
Calculate the highest common divisor of 1299 and 22367481.
1299
Calculate the highest common divisor of 82446 and 4368.
546
Calculate the highest common divisor of 5427 and 150750.
603
What is the highest common divisor of 813 and 6775?
271
Calculate the highest common divisor of 522 and 48894.
174
Calculate the greatest common divisor of 144 and 84528.
144
Calculate the highest common factor of 5113612 and 2.
2
Calculate the highest common divisor of 37675 and 550.
275
Calculate the highest common divisor of 582464 and 912.
304
Calculate the highest common factor of 369441 and 405.
81
Calculate the highest common divisor of 40891 and 1030.
103
What is the highest common factor of 370 and 2359120?
370
Calculate the highest common factor of 2044 and 6356.
28
Calculate the highest common divisor of 19 and 349258.
19
Calculate the highest common divisor of 4059 and 5049.
99
What is the highest common divisor of 1039824 and 2160?
432
What is the highest common divisor of 365 and 518081?
73
Calculate the greatest common factor of 513 and 64980.
171
Calculate the highest common factor of 56 and 26744.
8
Calculate the highest common divisor of 15253835 and 1865.
1865
Calculate the greatest common factor of 292512 and 704.
352
Calculate the greatest common factor of 6720 and 423024.
336
What is the greatest common divisor of 90 and 4242?
6
What is the greatest common factor of 969 and 128231?
323
Calculate the highest common divisor of 32 and 4860.
4
What is the greatest common factor of 18774 and 24696?
126
What is the greatest common divisor of 36300 and 10670?
110
Calculate the greatest common factor of 130 and 615.
5
Calculate the greatest common factor of 86 and 8127.
43
What is the highest common divisor of 2835584 and 128?
128
What is the highest common factor of 14365 and 170?
85
Calculate the highest common factor of 219 and 1184133.
219
Calculate the highest common divisor of 53975 and 136.
17
What is the highest common factor of 9336 and 888?
24
What is the greatest common divisor of 3952 and 218842?
494
Calculate the highest common factor of 30 and 74685.
15
What is the greatest common divisor of 99 and 160941?
33
What is the highest common factor of 74144 and 12578?
662
Calculate the highest common divisor of 3376 and 2416.
16
Calculate the highest common divisor of 33 and 206151.
33
What is the highest common factor of 152904 and 8?
8
Calculate the highest common factor of 10270 and 1106.
158
Calculate the greatest common divisor of 15 and 1719.
3
Calculate the greatest common factor of 36667 and 111.
37
Calculate the greatest common factor of 70 and 438410.
70
What is the greatest common divisor of 4485 and 273?
39
Calculate the greatest common factor of 152 and 11077.
19
Calculate the greatest common divisor of 11 and 975755.
11
Calculate the highest common divisor of 977832 and 96.
24
What is the highest common divisor of 270 and 1985?
5
Calculate the greatest common factor of 810 and 14445.
135
Calculate the highest common factor of 3275 and 510638.
131
Calculate the highest common factor of 2451 and 13300.
19
Calculate the highest common divisor of 1778 and 170180.
254
Calculate the greatest common factor of 4956 and 6552.
84
Calculate the highest common factor of 496 and 188.
4
Calculate the greatest common divisor of 9120 and 75.
15
Calculate the greatest common factor of 77188 and 368.
92
What is the greatest common factor of 369 and 6560?
41
What is the greatest common factor of 127156 and 664?
332
Calculate the greatest common divisor of 774 and 234.
18
What is the highest common divisor of 1332 and 62308?
148
What is the greatest common divisor of 5387086 and 167?
167
What is the highest common factor of 7 and 2?
1
Calculate the highest common divisor of 2824233 and 3123.
1041
What is the highest common divisor of 143 and 539?
11
Calculat